s 11908139473 a composite number?
False
Is 433376549 prime?
False
Is 252213297781 a prime number?
True
Is 139824493 composite?
True
Is 27884503847 prime?
True
Is 1212074491 composite?
False
Is 3135656113 composite?
False
Is 1439402239 prime?
False
Is 19620048937 a composite number?
False
Is 235403849 prime?
True
Is 414643861 prime?
True
Is 1476228043 prime?
False
Is 2592155933 prime?
True
Is 23183068907 a composite number?
True
Is 59980647109 prime?
True
Is 971161922 a composite number?
True
Is 24006863 a composite number?
False
Is 2228264963 composite?
False
Is 170849423 composite?
True
Is 7418990307 prime?
False
Is 350324349113 a composite number?
False
Is 7562194687 composite?
True
Is 66217776887 a composite number?
True
Is 931624409 prime?
False
Is 3226790971 prime?
True
Is 5886210521 a prime number?
True
Is 80165415817 prime?
False
Is 655900247 prime?
False
Is 215539759 composite?
False
Is 2571176869 composite?
True
Is 5463831013 prime?
False
Is 3016685201 a prime number?
True
Is 4124098337 a composite number?
False
Is 1339015409 composite?
True
Is 1666495079 prime?
True
Is 14944529 prime?
False
Is 2851547527 a prime number?
False
Is 4174724233 a prime number?
True
Is 68151287621 a prime number?
True
Is 5761015693 a prime number?
True
Is 1549252371 a prime number?
False
Is 49076316479 a composite number?
True
Is 644339783 composite?
True
Is 86409530723 a composite number?
True
Is 123668898487 a prime number?
True
Is 1187468537 a prime number?
False
Is 4003617533 a composite number?
True
Is 69226017439 a composite number?
False
Is 14749052863 a composite number?
False
Is 610513913 composite?
False
Is 2051747069 a prime number?
True
Is 4103392379 a composite number?
True
Is 12508972611 composite?
True
Is 20917922369 composite?
False
Is 922141309 composite?
True
Is 97582082261 prime?
True
Is 767852767 composite?
True
Is 4222220943 a prime number?
False
Is 100276949 a composite number?
False
Is 8781333817 composite?
False
Is 73370076095 a composite number?
True
Is 14357984737 a prime number?
True
Is 4169643655 prime?
False
Is 479320351 prime?
False
Is 716333237 a composite number?
False
Is 1173410353 a prime number?
True
Is 38370856609 composite?
True
Is 527021119 a prime number?
True
Is 2140712797 composite?
True
Is 20688063239 prime?
False
Is 6724831073 composite?
True
Is 13413983941 composite?
False
Is 157324901 a prime number?
False
Is 10677757 a prime number?
True
Is 97343976461 a prime number?
True
Is 45605776747 composite?
False
Is 17112367723 composite?
True
Is 2349328297 a prime number?
False
Is 4358739967 composite?
True
Is 25617049057 a composite number?
True
Is 3651546251 prime?
True
Is 232869132131 composite?
True
Is 248074939 composite?
True
Is 8064010531 a composite number?
True
Is 346185107155 prime?
False
Is 61020611 a composite number?
True
Is 15981593879 prime?
True
Is 2292401841 a prime number?
False
Is 129709185521 prime?
True
Is 371868641 composite?
True
Is 9669727261 prime?
True
Is 6415575329 prime?
False
Is 192380935 composite?
True
Is 32749910987 composite?
True
Is 6726884273 composite?
False
Is 1678277929 a prime number?
True
Is 181972897 a composite number?
False
Is 13846900699 composite?
False
Is 5030950229 a prime number?
False
Is 794020897 prime?
True
Is 22163493511 composite?
False
Is 30411573371 a composite number?
False
Is 881051189 a composite number?
True
Is 194890303 a composite number?
True
Is 94621477271 a composite number?
False
Is 2174157001 prime?
False
Is 1474025177 a prime number?
True
Is 23554038679 a composite number?
True
Is 92866178047 prime?
False
Is 250586737 prime?
False
Is 10951704457 a prime number?
True
Is 1416917141 a prime number?
True
Is 3149531533 prime?
True
Is 15929982319 a prime number?
False
Is 15386893729 a prime number?
True
Is 5075734429 prime?
True
Is 47136086399 composite?
True
Is 44613587 prime?
True
Is 39690797813 a prime number?
True
Is 68772281 prime?
False
Is 13086333787 a prime number?
False
Is 9737364113 prime?
False
Is 430174861 a prime number?
True
Is 2537427671 a composite number?
False
Is 2584653517 prime?
True
Is 52938609083 composite?
False
Is 15497693789 prime?
True
Is 6474136727 a composite number?
True
Is 89152935367 prime?
True
Is 1973570797 a prime number?
False
Is 381832793 a prime number?
False
Is 7046071715 composite?
True
Is 31203079781 a composite number?
True
Is 22619231951 prime?
False
Is 4783710259 a composite number?
False
Is 1417702337 a prime number?
False
Is 23989776469 prime?
False
Is 70700703971 composite?
False
Is 148974454543 a prime number?
False
Is 7938881521 composite?
False
Is 308068627 prime?
False
Is 1211770799 prime?
True
Is 2583810391 a prime number?
True
Is 2876149691 composite?
False
Is 12996827033 a prime number?
True
Is 3677422097 composite?
False
Is 142857773 a prime number?
False
Is 2764733743 composite?
False
Is 6405757 composite?
True
Is 2032934153 composite?
True
Is 57525635459 a prime number?
True
Is 5855875577 prime?
False
Is 17225534047 a composite number?
False
Is 203270653 a composite number?
False
Is 459376487 a prime number?
False
Is 10360209199 a composite number?
True
Is 546040967 composite?
False
Is 6608315741 composite?
False
Is 1052064877 a composite number?
False
Is 6718292443 a prime number?
True
Is 624545959 composite?
True
Is 75838929461 a composite number?
True
Is 8800701895 a prime number?
False
Is 457292317 composite?
False
Is 12737751511 composite?
False
Is 117632521 prime?
True
Is 2528416687 a composite number?
False
Is 2258101023 prime?
False
Is 11180493973 a composite number?
True
Is 1137961618 a composite number?
True
Is 627343099 a composite number?
False
Is 42672147607 prime?
False
Is 34355964469 a prime number?
True
Is 3341526413 a prime number?
True
Is 23451381091 a prime number?
True
Is 19786627 a composite number?
True
Is 6547710643 composite?
False
Is 808561487 composite?
False
Is 4765275323 composite?
True
Is 92690075231 composite?
True
Is 6267569177 a prime number?
True
Is 577604561 composite?
False
Is 470664961 a composite number?
True
Is 62454636137 composite?
False
Is 159744011039 a composite number?
False
Is 13888616947 composite?
False
Is 2293091267 composite?
True
Is 248218153 a composite number?
True
Is 544879693 prime?
True
Is 3099378119 composite?
False
Is 649562149 prime?
False
Is 102313908077 a composite number?
True
Is 214227001 composite?
False
Is 5844872741 a prime number?
True
Is 5596604443 prime?
True
Is 1281767533 a prime number?
False
Is 5721480701 a composite number?
False
Is 52437645773 a composite number?
False
Is 3680074607 composite?
True
Is 35781925667 composite?
False
Is 2646866147 prime?
False
Is 168914209 prime?
False
Is 3342008783 composite?
False
Is 4382998229 a prime number?
True
Is 32627052995 a prime number?
False
Is 1203513889 prime?
True
Is 27397977043 a prime number?
False
Is 889718807 a composite number?
True
Is 144920807 prime?
True
Is 1200584501 prime?
False
Is 8915461 a prime number?
True
Is 223027927 prime?
False
Is 35976616373 a prime number?
True
Is 45466146317 a prime number?
True
Is 83679027011 a composite number?
False
Is 4392886039 a prime number?
True
Is 111698599 a composite number?
False
Is 26528021645 composite?
True
Is 31867700245 a composite number?
True
Is 1829201015 composite?
True
Is 66529644793 a prime number?
False
Is 108044200751 prime?
True
Is 1719478679 a prime number?
False
Is 2973067723 a composite number?
False
Is 37762390337 composite?
True
Is 731360549 a composite number?
False
Is 544235459 composite?
True
Is 4025393101 prime?
False
Is 67942261 a prime number?
True
Is 95851389571 composite?
True
Is 3086932495 composite?
True
Is 19465829 prime?
True
Is 25672237271 a prime number?
False
Is 19326185401 a composite number?
True
Is 1789676909 composite?
False
Is 2227849633 a composite number?
False
Is 1561216069 a composite number?
True
Is 302917621 a composite number?
True
Is 105850187 a prime number?
False
Is 301620161 a composite number?
True
Is 12941208607 prime?
True
Is 1664242915 composite?
True
Is 13433095079 a prime number?
True
Is 5883180343 composite?
False
Is 473960363 prime?
False
Is 2858573 a composite number?
False
Is 1780175297 a composite number?
True
Is 7995558037 a prime number?
False
Is 2618931131 composite?
True